11, what is 11a + -248?
-129
In base 4, what is -3323 + -11101?
-21030
In base 10, what is 41024 - 0?
41024
In base 13, what is 542 - -59?
59b
In base 16, what is 5 + -163f?
-163a
In base 12, what is -2 + -39932?
-39934
In base 8, what is 2610 + -31?
2557
In base 3, what is -210 - -20010222?
20010012
In base 13, what is 255 - 123?
132
In base 4, what is 3322320 - 1331?
3320323
In base 14, what is -228a + -20c?
-2498
In base 15, what is 17d - b0?
bd
In base 10, what is -448 + 2858?
2410
In base 10, what is 265 + 87?
352
In base 10, what is 63392 + 4?
63396
In base 6, what is -21 + 34203?
34142
In base 5, what is -1342114240 + -3?
-1342114243
In base 8, what is -127431 + -2?
-127433
In base 2, what is 10011000101100010 - -100?
10011000101100110
In base 4, what is -11 + -3300011232?
-3300011303
In base 10, what is -334 + 692?
358
In base 12, what is 39 + -3a9a?
-3a61
In base 11, what is 866a97 + 1?
866a98
In base 13, what is -119b + 4?
-1197
In base 7, what is 1 - 562114?
-562113
In base 4, what is 3132 - -33322?
103120
In base 15, what is b + 479?
485
In base 8, what is 12 - -30453?
30465
In base 10, what is -1 + -407668?
-407669
In base 2, what is 10 - 10100010101000000010?
-10100010101000000000
In base 10, what is 5 + -1578?
-1573
In base 12, what is 125 + 2a?
153
In base 6, what is -112001 + 11?
-111550
In base 16, what is 108 + 28?
130
In base 14, what is -36 + -67b?
-6b3
In base 2, what is -10110011 - 100110010?
-111100101
In base 4, what is -213322 + 11?
-213311
In base 9, what is 20666784 - 4?
20666780
In base 7, what is -3 - 540024?
-540030
In base 10, what is 10 + 3391?
3401
In base 3, what is 10211000 + 1011?
10212011
In base 12, what is 980 - 42?
93a
In base 7, what is -4 - -122436?
122432
In base 5, what is 2430 - -133?
3113
In base 4, what is 33023 - -30?
33113
In base 9, what is -3 + -1313147?
-1313151
In base 6, what is -411 + -40154?
-41005
In base 2, what is -10 - -110000001101?
110000001011
In base 11, what is -3 - 27381?
-27384
In base 8, what is -15016 - 3?
-15021
In base 15, what is -c - 2076?
-2083
In base 7, what is 122550 - 63?
122454
In base 3, what is 11010011111 + -1?
11010011110
In base 5, what is -11312233 - -1?
-11312232
In base 3, what is 102100220 + 10?
102101000
In base 2, what is 10010111011100000 + 10?
10010111011100010
In base 9, what is 36 + -1385?
-1348
In base 3, what is -202222012012 - 10?
-202222012022
In base 8, what is -3 - 42124?
-42127
In base 3, what is 20021020 + -22211?
12221102
In base 8, what is 0 - 1127344?
-1127344
In base 10, what is 2 - -835?
837
In base 4, what is 10 + 13201310?
13201320
In base 10, what is -48895 - -1?
-48894
In base 2, what is -1010101101011 - -11?
-1010101101000
In base 2, what is 111011001000 + -111011?
111010001101
In base 4, what is 232130 - -303?
233033
In base 7, what is 2663 - -363?
3356
In base 3, what is 1 - 1202212022?
-1202212021
In base 2, what is 1111 - -11000000111?
11000010110
In base 13, what is -1547 + 54?
-14c3
In base 13, what is 3738 + -22?
3716
In base 11, what is 5 + 8272?
8277
In base 13, what is b + 9558?
9566
In base 14, what is -29 + 37d9?
37b0
In base 4, what is -231 + -2233303?
-2300200
In base 16, what is -4 + 14377c?
143778
In base 6, what is 301432 + -30?
301402
In base 3, what is -12 - -10000212010?
10000211221
In base 2, what is 11 + -101011001101100?
-101011001101001
In base 4, what is -12 - -1210222?
1210210
In base 9, what is -27065 + 35?
-27030
In base 7, what is 504 + -31?
443
In base 6, what is -10344212 - 0?
-10344212
In base 15, what is 21b886 + 5?
21b88b
In base 16, what is 4 + 97245?
97249
In base 3, what is -21102 + 211002022?
210210220
In base 6, what is -1 - 200104?
-200105
In base 16, what is 1f2 - -6f?
261
In base 15, what is 2dbe - -15?
2dd4
In base 3, what is 21110020 + -101?
21102212
In base 3, what is 1112 - -1110200?
1112012
In base 3, what is -2101020111 - 1?
-2101020112
In base 4, what is 12 + 12311201?
12311213
In base 2, what is 1 + -1110100101111101111?
-1110100101111101110
In base 16, what is 37 + c7?
fe
In base 4, what is -233 - -1211322?
1211023
In base 13, what is -4 - -a203?
a1cc
In base 6, what is 4 + 42200420?
42200424
In base 15, what is -3a - 1183?
-11bd
In base 8, what is 4 + -65772?
-65766
In base 7, what is -1535 - -1221?
-314
In base 6, what is 2123451 + -3?
2123444
In base 14, what is -24 - -140?
11a
In base 9, what is -6070 - 102?
-6172
In base 16, what is -37301 - 2?
-37303
In base 8, what is 6300 + -4?
6274
In base 8, what is 36 - 2166?
-2130
In base 11, what is 5 - -105634?
105639
In base 11, what is -50 + -a1a?
-a6a
In base 14, what is -1270 + 283?
-dcb
In base 9, what is -2175 + -8?
-2184
In base 2, what is -11011011 - 11011000010?
-11110011101
In base 3, what is -22010 + -11220101?
-12012111
In base 8, what is 47112 - 11?
47101
In base 8, what is -331110 + -3?
-331113
In base 9, what is -2 + -15704?
-15706
In base 14, what is -11 - 3d93?
-3da4
In base 11, what is 3 - -12999?
129a1
In base 8, what is -2 + 2655145?
2655143
In base 13, what is -598 - -2?
-596
In base 12, what is a2 - -6269?
634b
In base 13, what is -2a32 + 7?
-2a28
In base 6, what is 104 - -34522?
35030
In base 5, what is -10 + -1104223?
-1104233
In base 10, what is -1 + -4657?
-4658
In base 14, what is -2731 + -3?
-2734
In base 15, what is -8 - -83a?
832
In base 12, what is 25 + -1707?
-16a2
In base 2, what is 111010000101011111 + 11?
111010000101100010
In base 13, what is 63 + 2697?
272a
In base 8, what is -3 + 4060?
4055
In base 4, what is -30311 - 3000?
-33311
In base 3, what is 11 - -100000101212?
100000102000
In base 9, what is -1 - 466450?
-466451
In base 8, what is -42 + -3143?
-3205
In base 14, what is 22 + -4a9ba?
-4a998
In base 8, what is -1172 + -167?
-1361
In base 13, what is -10934 + -4?
-10938
In base 15, what is -2525 + 7?
-251d
In base 3, what is -1022002010 + 2210?
-1021222100
In base 4, what is -22031310 + -20?
-22031330
In base 11, what is 17 - -1771?
1788
In base 9, what is -3 + 43734?
43731
In base 16, what is 1a - 292?
-278
In base 4, what is 30 + -113232000?
-113231310
In base 13, what is 530 - 51?
4ac
In base 16, what is 38 - -e9?
121
In base 2, what is 10111 - 10000010110000011?
-10000010101101100
In base 10, what is 44652 + 16?
44668
In base 16, what is 43 + c9e?
ce1
In base 9, what is 11 + 683616?
683627
In base 11, what is -13aa2 + -26?
-14018
In base 9, what is 1 + 48188?
48200
In base 6, what is 255552 - 2?
255550
In base 12, what is 4 - 8b0?
-8a8
In base 9, what is 65 - 52240?
-52164
In base 12, what is -562 - 33b?
-8a1
In base 13, what is 20 - 102a3?
-10283
In base 6, what is -43335 - 2?
-43341
In base 9, what is 26126 - 262?
25754
In base 7, what is 456 - -3201?
3660
In base 6, what is -120 - -5440?
5320
In base 14, what is -2 + -3d5c1?
-3d5c3
In base 4, what is 2 - -11012111?
11012113
In base 13, what is -8aa40 + 4?
-8aa39
In base 3, what is 2 - 12211000000?
-12210222221
In base 8, what is 504 - 6673?
-6167
In base 7, what is -1 + -131133?
-131134
In base 13, what is 47b1 - 67?
4747
In base 2, what is -10011 - -11011101100?
11011011001
In base 16, what is -6 - 55579?
-5557f
In base 4, what is -322011 + -202?
-322213
In base 7, what is 410301 - 5?
410263
In base 8, what is -1444 - 247?
-1713
In base 5, what is -20031 + -11?
-20042
In base 13, what is -2a7 + -259?
-533
In base 15, what is -2 - -27be0?
27bdd
In base 8, what is 120 + -207?
-67
In base 13, what is -b8187 + -3?
-b818a
In base 14, what is -b6bb - 4?
-b6c1
In base 10, what is 5 - 19304?
-19299
In base 7, what is 23560 - 1062?
22465
In base 3, what is 122110 + 21001010?
21200120
In base 11, what is -24956 + -3?
-24959
In base 15, what is a9b + 27b?
d27
In base 8, what is 1213 + -16?
1175
In base 16, what is -4 - -484d?
4849
In base 3, what is 10001202122 + 20?
10001202212
In base 13, what is -12 + 57080?
5706b
In base 13, what is 7a9 - -6a?
846
In base 5, what is -202 + 304?
102
In base 4, what is 313230203 - 1?
313230202
In base 5, what is -432304 - 31?
-432340
In base 11, what is -19 + 80756?
80738
In base 8, what is 121 - 10402?
-10261
In base 16, what is 8 + 56e0?
56e8
In base 2, what is -11 + -100101110000010?
-100101110000101
In base 14, what is 8 + 3ba8?
3bb2
In base 10, what is -5 + 14764?
14759
In base 5, what is 0 + 22221401